{"id":2751,"date":"2026-04-24T07:55:47","date_gmt":"2026-04-24T06:55:47","guid":{"rendered":"https:\/\/www.agglomed.com\/?page_id=2751"},"modified":"2026-04-24T07:56:11","modified_gmt":"2026-04-24T06:56:11","slug":"a-propos","status":"publish","type":"page","link":"https:\/\/www.agglomed.com\/?page_id=2751","title":{"rendered":"\u00c0 propos"},"content":{"rendered":"<p>[et_pb_section fb_built=\u00a0\u00bb1&Prime; theme_builder_area=\u00a0\u00bbpost_content\u00a0\u00bb _builder_version=\u00a0\u00bb4.27.6&Prime; _module_preset=\u00a0\u00bbdefault\u00a0\u00bb custom_padding=\u00a0\u00bb10px||7px|||\u00a0\u00bb][et_pb_row _builder_version=\u00a0\u00bb4.27.6&Prime; _module_preset=\u00a0\u00bbdefault\u00a0\u00bb theme_builder_area=\u00a0\u00bbpost_content\u00a0\u00bb][et_pb_column _builder_version=\u00a0\u00bb4.27.6&Prime; _module_preset=\u00a0\u00bbdefault\u00a0\u00bb type=\u00a0\u00bb4_4&Prime; theme_builder_area=\u00a0\u00bbpost_content\u00a0\u00bb][et_pb_image src=\u00a0\u00bbhttp:\/\/www.agglomed.com\/wp-content\/uploads\/2023\/12\/Capture-decran-2023-12-17-a-01.05.28.png\u00a0\u00bb _builder_version=\u00a0\u00bb4.27.6&Prime; _module_preset=\u00a0\u00bbdefault\u00a0\u00bb theme_builder_area=\u00a0\u00bbpost_content\u00a0\u00bb title_text=\u00a0\u00bbCapture d\u2019\u00e9cran 2023-12-17 \u00e0 01.05.28&Prime; hover_enabled=\u00a0\u00bb0&Prime; sticky_enabled=\u00a0\u00bb0&Prime;][\/et_pb_image][\/et_pb_column][\/et_pb_row][et_pb_row _builder_version=\u00a0\u00bb4.27.6&Prime; _module_preset=\u00a0\u00bbdefault\u00a0\u00bb column_structure=\u00a0\u00bb1_4,3_4&Prime; theme_builder_area=\u00a0\u00bbpost_content\u00a0\u00bb][et_pb_column _builder_version=\u00a0\u00bb4.27.6&Prime; _module_preset=\u00a0\u00bbdefault\u00a0\u00bb type=\u00a0\u00bb1_4&Prime; theme_builder_area=\u00a0\u00bbpost_content\u00a0\u00bb][et_pb_image src=\u00a0\u00bbhttp:\/\/www.agglomed.com\/wp-content\/uploads\/2026\/04\/1-4.-4.png\u00a0\u00bb _builder_version=\u00a0\u00bb4.27.6&Prime; _module_preset=\u00a0\u00bbdefault\u00a0\u00bb theme_builder_area=\u00a0\u00bbpost_content\u00a0\u00bb title_text=\u00a0\u00bb1-4.-4&Prime; hover_enabled=\u00a0\u00bb0&Prime; sticky_enabled=\u00a0\u00bb0&Prime;][\/et_pb_image][\/et_pb_column][et_pb_column _builder_version=\u00a0\u00bb4.27.6&Prime; _module_preset=\u00a0\u00bbdefault\u00a0\u00bb type=\u00a0\u00bb3_4&Prime; theme_builder_area=\u00a0\u00bbpost_content\u00a0\u00bb][et_pb_text _builder_version=\u00a0\u00bb4.27.6&Prime; _module_preset=\u00a0\u00bbdefault\u00a0\u00bb theme_builder_area=\u00a0\u00bbpost_content\u00a0\u00bb hover_enabled=\u00a0\u00bb0&Prime; sticky_enabled=\u00a0\u00bb0&Prime;]Agglomed GmbH est une entreprise sp\u00e9cialis\u00e9e dans le domaine de l\u2019ing\u00e9nierie audio, des m\u00e9dias cr\u00e9atifs, des arts et de la culture. Nous nous engageons \u00e0 offrir des solutions innovantes qui allient technologie et cr\u00e9ativit\u00e9. Nos valeurs fondamentales reposent sur l\u2019int\u00e9grit\u00e9, l\u2019innovation et l\u2019engagement envers l\u2019excellence. Nous nous effor\u00e7ons de cr\u00e9er un impact positif \u00e0 travers nos projets culturels et nos services de haute qualit\u00e9.<br \/>\nNous offrons des solutions personnalis\u00e9es, en mettant au c\u0153ur de notre d\u00e9marche l\u2019\u00e9coute et l\u2019accompagnement. Forts de notre savoir-faire multidisciplinaire, nous collaborons avec des professionnels passionn\u00e9s et cr\u00e9atifs pour transformer vos id\u00e9es en r\u00e9alisations concr\u00e8tes. Contactez-nous pour donner vie \u00e0 vos projets et atteindre vos objectifs en toute s\u00e9r\u00e9nit\u00e9, avec toute la simplicit\u00e9 de la performance.[\/et_pb_text][et_pb_text _builder_version=\u00a0\u00bb4.27.6&Prime; _module_preset=\u00a0\u00bbdefault\u00a0\u00bb theme_builder_area=\u00a0\u00bbpost_content\u00a0\u00bb text_text_color=\u00a0\u00bb#E09900&Prime; text_font_size=\u00a0\u00bb19px\u00a0\u00bb hover_enabled=\u00a0\u00bb0&Prime; sticky_enabled=\u00a0\u00bb0&Prime;]Une agglom\u00e9ration de m\u00e9dias, des techniques et technologies de pointe au service des arts et de la cr\u00e9ativit\u00e9 pour une communication optimale. L\u2019univers de l\u00b4Ing\u00e9nierie audio, de l\u2019\u00e9clairage, de la machinerie et des m\u00e9dias cr\u00e9atifs.[\/et_pb_text][\/et_pb_column][\/et_pb_row][et_pb_row _builder_version=\u00a0\u00bb4.27.6&Prime; _module_preset=\u00a0\u00bbdefault\u00a0\u00bb theme_builder_area=\u00a0\u00bbpost_content\u00a0\u00bb][et_pb_column _builder_version=\u00a0\u00bb4.27.6&Prime; _module_preset=\u00a0\u00bbdefault\u00a0\u00bb type=\u00a0\u00bb4_4&Prime; theme_builder_area=\u00a0\u00bbpost_content\u00a0\u00bb][et_pb_button button_text=\u00a0\u00bbNOUS CONTACTER\u00a0\u00bb _builder_version=\u00a0\u00bb4.27.6&Prime; _module_preset=\u00a0\u00bbdefault\u00a0\u00bb theme_builder_area=\u00a0\u00bbpost_content\u00a0\u00bb button_alignment=\u00a0\u00bbcenter\u00a0\u00bb button_url=\u00a0\u00bbhttps:\/\/www.agglomed.com\/?page_id=1207&Prime; hover_enabled=\u00a0\u00bb0&Prime; sticky_enabled=\u00a0\u00bb0&Prime;][\/et_pb_button][\/et_pb_column][\/et_pb_row][\/et_pb_section]<\/p>\n","protected":false},"excerpt":{"rendered":"<p>Agglomed GmbH est une entreprise sp\u00e9cialis\u00e9e dans le domaine de l\u2019ing\u00e9nierie audio, des m\u00e9dias cr\u00e9atifs, des arts et de la culture. Nous nous engageons \u00e0 offrir des solutions innovantes qui allient technologie et cr\u00e9ativit\u00e9. Nos valeurs fondamentales reposent sur l\u2019int\u00e9grit\u00e9, l\u2019innovation et l\u2019engagement envers l\u2019excellence. Nous nous effor\u00e7ons de cr\u00e9er un impact positif \u00e0 travers [&hellip;]<\/p>\n","protected":false},"author":1,"featured_media":0,"parent":0,"menu_order":0,"comment_status":"closed","ping_status":"closed","template":"","meta":{"_et_pb_use_builder":"on","_et_pb_old_content":"","_et_gb_content_width":"","footnotes":""},"class_list":["post-2751","page","type-page","status-publish","hentry"],"_links":{"self":[{"href":"https:\/\/www.agglomed.com\/index.php?rest_route=\/wp\/v2\/pages\/2751","targetHints":{"allow":["GET"]}}],"collection":[{"href":"https:\/\/www.agglomed.com\/index.php?rest_route=\/wp\/v2\/pages"}],"about":[{"href":"https:\/\/www.agglomed.com\/index.php?rest_route=\/wp\/v2\/types\/page"}],"author":[{"embeddable":true,"href":"https:\/\/www.agglomed.com\/index.php?rest_route=\/wp\/v2\/users\/1"}],"replies":[{"embeddable":true,"href":"https:\/\/www.agglomed.com\/index.php?rest_route=%2Fwp%2Fv2%2Fcomments&post=2751"}],"version-history":[{"count":3,"href":"https:\/\/www.agglomed.com\/index.php?rest_route=\/wp\/v2\/pages\/2751\/revisions"}],"predecessor-version":[{"id":2756,"href":"https:\/\/www.agglomed.com\/index.php?rest_route=\/wp\/v2\/pages\/2751\/revisions\/2756"}],"wp:attachment":[{"href":"https:\/\/www.agglomed.com\/index.php?rest_route=%2Fwp%2Fv2%2Fmedia&parent=2751"}],"curies":[{"name":"wp","href":"https:\/\/api.w.org\/{rel}","templated":true}]}}